actors of f?
2, 61
Let k be -6*(-2)/6 + -1. What are the prime factors of 2224/64 + k/4?
5, 7
Suppose 5*q - 11 = 3*h, -q - 4*h = -2*q + 9. Let i = 24 - q. List the prime factors of i.
23
Suppose 3*p - 7*j = -4*j - 129, 0 = 5*p + j + 185. Let u be ((-9)/(-9))/((-2)/(-166)). Let g = u + p. What are the prime factors of g?
3, 5
Suppose -c + 404 = -4*p - 0*p, 0 = -3*c - 5*p + 1212. What are the prime factors of c?
2, 101
Let r(d) = -d**3 + 3*d**2 + 4*d + 3. Let z be r(4). Suppose -191 = -z*i + 103. List the prime factors of i.
2, 7
Let f(l) be the first derivative of 7/2*l**2 - 1/4*l**4 - 5*l + 2 - 5/3*l**3. List the prime factors of f(-7).
2, 11
Suppose -6 = 4*w - 2, 3236 = 2*d - 2*w. What are the prime factors of d?
3, 7, 11
Let y = 9 + 6. Suppose -14*c = -y*c + 33. What are the prime factors of c?
3, 11
Let k = -823 + 1703. What are the prime factors of k?
2, 5, 11
Suppose -4*b + 2*b - 60 = 4*p, -p + 3*b = 22. Let v = p + 57. Let t = v + -22. List the prime factors of t.
19
Suppose -4*i - 5*u = -1999, -4*i - 8*u + 1987 = -7*u. List the prime factors of i.
2, 31
Suppose -h + 2 + 3 = 0. Suppose -h*q - 2 + 7 = 0. List the prime factors of 13*(1 + q + -1).
13
Suppose 6*o = 3*o + 6. Let q(k) = -k**3 + 7*k**2 - 4*k + 3. Let n be q(6). Suppose 3*a = o*a + n. List the prime factors of a.
3, 5
Let u = 136 + -76. Suppose m - 24 = u. List the prime factors of m.
2, 3, 7
Let w(k) = k + 4. Let s be w(-6). What are the prime factors of (1 + s)*(-26 + -3)?
29
Let z = 1743 + -1253. What are the prime factors of z?
2, 5, 7
Suppose 0*r = -2*r + 6. Suppose o + 4 = -o, 0 = y - r*o - 6. Suppose 2*x - 54 = 3*d, y*x + d + 54 = 2*x. What are the prime factors of x?
3
List the prime factors of ((-6)/(-4))/(6/200).
2, 5
Let d be (-6)/(-2) - (0 - -1). Let g be (39/(-4) + 3)*(-16)/6. Suppose 6*o - o = 15, 4*n - g = d*o. List the prime factors of n.
2, 3
Let o = 68 - 65. Suppose 4*p - 261 = -o*a, -3*a + 4*a - 4*p = 71. List the prime factors of a.
83
Let m(i) = -i**3 + 12*i**2 + 25*i - 13. Let y be m(14). Suppose 0 = r + 5, -5*q + 2*r + 149 + 331 = 0. Let k = y + q. What are the prime factors of k?
3, 13
Suppose 4 = -2*o, 4*b + 3*o - 28 = -o. Suppose 7*x - 4*x - b = 0. List the prime factors of 1*((-93)/x)/(-1).
31
Let k be 79 - (2 + 3/(-3)). Let g = -103 + 55. Let u = k + g. What are the prime factors of u?
2, 3, 5
Suppose 20*q = 27*q - 9681. What are the prime factors of q?
3, 461
Let c(i) = -i**3 + 22*i**2 + 51*i - 19. What are the prime factors of c(19)?
19, 107
Suppose -q + 5 = 0, 8*w - 28 = 5*w - 5*q. List the prime factors of ((-21)/6)/((-2 + w)/48).
2, 3, 7
Suppose -2*o + 2435 + 479 = 0. What are the prime factors of o?
31, 47
Suppose 3*j - 12 = -j. Suppose 12 = 3*o + j. What are the prime factors of o/5*(-8 - -63)?
3, 11
Let v(s) = 8*s - 66. Let d be v(9). Suppose -523 - 731 = -d*y. What are the prime factors of y?
11, 19
Suppose -211 + 21 = -5*o. Suppose -4*d + 4*b = -0*b - 120, 0 = 3*d + 5*b - 58. Suppose 0 = 4*f - u - o, 0 = 4*f + u - 68 + d. List the prime factors of f.
2, 5
Suppose -2*l + 3*o = -5463, 3*l + 22*o = 24*o + 8192. What are the prime factors of l?
2, 3, 5, 7, 13
What are the prime factors of (2/(-3) - (-1026)/27)*30?
2, 5, 7
Suppose -1 = -q - q + 3*r, 5*q - 16 = 3*r. Suppose -3*a + u - 7 = -0*u, -q*u + 20 = 0. List the prime factors of -70*a/2 - 1.
2, 17
List the prime factors of ((-27)/12)/((14/(-7))/72).
3
Let z(q) = -147*q**3 + 3*q**2 + 4*q + 2. List the prime factors of z(-1).
2, 37
Suppose 2*k + 4 = -2*g, 0*g - 5*g = -4*k - 26. List the prime factors of g/(-7) - (-5032)/119.
2, 3, 7
Let q(r) = 5*r**3 - 2 - r**3 + 21 - 3*r**3 - 13*r + 13*r**2. Let p be q(-14). Suppose -p*d - 10 = -10*d. List the prime factors of d.
2
Let k(v) = -v**3 + 16*v**2 + 2*v - 21. Let s be k(16). Suppose 4*l + 2 = 2*q, 0 = -q - 0*l - 4*l - s. List the prime factors of -4 + (-12)/q + 48.
2, 3
List the prime factors of (1 - (-399)/15)*600/45.
2, 23
Suppose 22*w - 6763 = 2565. List the prime factors of w.
2, 53
Let l = 5867 - 3331. What are the prime factors of l?
2, 317
Let q be (3/(-3) + -2)/(2/(-2)). Suppose -95 + q = -y. What are the prime factors of y?
2, 23
Let o(f) = -f**3 - 19*f**2 - 169. List the prime factors of o(-20).
3, 7, 11
Suppose 8*a - 1251 = 4221. What are the prime factors of a?
2, 3, 19
Suppose -t = -735 + 516. What are the prime factors of t?
3, 73
Suppose -4*q - 2*v + 23784 = 0, 4*q - 4253 - 19531 = 3*v. List the prime factors of q.
2, 3, 991
Let q be 2/14 - 189/(-49). Suppose 2*y = -b + q, -2*y = 4 - 2. What are the prime factors of -1 + 3*(b - 1)?
2, 7
Let t = 446 - 453. Let l(u) = -u**3 - 9*u**2 + 5*u + 12. Let w(x) = -2*x**3 - 19*x**2 + 9*x + 25. Let p(i) = -5*l(i) + 2*w(i). List the prime factors of p(t).
3, 13
Suppose 0 = -3*z - 3, -5*d - 2*z + z + 1509 = 0. Suppose 4*x - 250 = d. What are the prime factors of x?
2, 3, 23
Let f(n) = 387*n + 224. List the prime factors of f(9).
11, 337
Let x(h) = -9*h + 24. Let k = 51 + -58. List the prime factors of x(k).
3, 29
Let r(g) = g**3 + 13*g**2 - 18*g - 19. Let m(n) = -6*n**3 - 65*n**2 + 90*n + 95. Let t(i) = 2*m(i) + 11*r(i). What are the prime factors of t(11)?
5
Let x = -3 + 5. Suppose 5*i - 6*v = -x*v + 11, -v = -4*i. Let l(r) = -19*r - 1. What are the prime factors of l(i)?
2, 3
Let h = -23 + 23. Suppose 2*x - x + 3*n - 84 = h, -5*x + 2*n + 420 = 0. What are the prime factors of x?
2, 3, 7
Let n be (-5260)/(-85) - (-4)/34. Suppose 23 = c - n. What are the prime factors of c?
5, 17
Suppose 0 = -878*b + 882*b - 3296. What are the prime factors of b?
2, 103
Let g be 1 + 0/5 + 2. Suppose 2*q = 2*a - 6*a + 50, 2*q + g*a - 47 = 0. What are the prime factors of q?
19
Suppose 4*j = -2*j + 384. Let r = -31 + j. List the prime factors of r.
3, 11
Let u(c) = 8 - 3 - 14*c + 4 + 0. What are the prime factors of u(-5)?
79
Suppose -2*t = -v - v, 4*v - 3*t = 0. Suppose b = -2*d + 6 + 4, -4*b + d + 58 = v. What are the prime factors of b?
2, 7
Let a be 4*(-9)/6*-6. Let t(o) = 21*o - 83. Let j be t(5). Suppose q - j = a. List the prime factors of q.
2, 29
Suppose 4*f = -d + 11973, -d = -6*f + 9*f - 8979. List the prime factors of f/14 - ((-8)/56 + 0).
2, 107
Let k be 15/(-20)*(-16)/6. Suppose -k*w + 7 + 33 = 0. Suppose 4*o - w = 3*o. What are the prime factors of o?
2, 5
Suppose 4*u = 5*u - 4*j + 40, 5*u - 5*j + 125 = 0. Let w = -20 - u. Suppose w*m - 2 = -m. What are the prime factors of m?
2
Let a(z) = z**3 + 8*z**2 + 7*z + 2. Let b be a(-6). Suppose 3*o - b = 1. Let p = 1 + o. List the prime factors of p.
2, 3
What are the prime factors of (0 + 30)*666/243*18?
2, 5, 37
Suppose -67*v + 18660 = -24555. List the prime factors of v.
3, 5, 43
Let j(b) be the second derivative of b**5/10 - b**4/8 + 5*b**3/6 - 3*b**2/2 - 4*b. Let k(z) be the first derivative of j(z). List the prime factors of k(2).
23
List the prime factors of 4/26 + (-32732)/(-13) - 2.
2, 17, 37
Let j = -53 + 95. Let p(z) = j*z**2 - 2*z - 26*z**2 + z**3 - 4 - 23*z**2. What are the prime factors of p(8)?
2, 11
Suppose -8*w = 2*w - 990. What are the prime factors of w?
3, 11
Let q = -3132 + 4657. What are the prime factors of q?
5, 61
Let r(v) be the first derivative of v**4 - v**3 + 2*v**2 - 3*v - 10. Let d be r(2). Let m = d + -13. List the prime factors of m.
2, 3
Let g(h) = -50*h**3 + 2*h**2 - h - 2. Suppose -5*a + 0 = 5. List the prime factors of g(a).
3, 17
Let v(q) be the first derivative of 6*q**3 + 8*q + 13. List the prime factors of v(3).
2, 5, 17
Let j(y) = y**2 - 5*y - 11. Let g be j(7). Let c be 11/g + 30/(-45). Suppose 4*v - 7 = -2*p - c, 5*v - 6 = -2*p. What are the prime factors of v?
2
Let i = 102 + -58. Let b = i - 13. What are the prime factors of b?
31
Suppose -4*u + 3*u + 2*p = 4, -12 = -3*u - 2*p. Let f = 2 - u. What are the prime factors of (f + -1)*-13 + 2?
3, 5
Let j(t) = -5 + 5*t + 7 - 2*t - 4*t. Let q be (0 - -1)*(-2 + 1). List the prime factors of j(q).
3
Suppose 36 = -2*k + 8. Let l be (2 - k - 4) + 0. List the prime factors of (-1 - (-8)/l)*-156.
2, 13
List the prime factors of (-2548)/(-6)*(-42)/(-28).
7, 13
Suppose 8 + 4 = -y. Let j(c) = c**2 + 11*c - 13. Let r be j(y). What are the prime factors of r/4 - 34/(-8)?
2
Let h = -101 - -302. List the prime factors of h.
3, 67
Suppose 0 = 15*n - 7271 - 1444. List the prime